 y?
14
Let c be 0 + 16/(-4) - -34. Calculate the highest common divisor of 240 and c.
30
Let u be (-124)/(-9) - (0 + (-4)/18). Let a(s) = -63*s. Let f be a(-2). Calculate the greatest common divisor of f and u.
14
Let o = -2 - -2. Suppose m + 4 = 0, m + 11 + 3 = k. Let i = k + o. Calculate the greatest common divisor of i and 90.
10
Let k(y) = -y**3 - 13*y**2 + 12*y - 19. Let d be k(-14). Calculate the greatest common divisor of d and 18.
9
Let d = -13 - -21. Let a be ((-6)/(-5))/(42/700). What is the greatest common factor of d and a?
4
Suppose -4*t + 3*t = 2. Let y be (t + -2)/(-2 + 0). Calculate the highest common factor of 10 and y.
2
Let d = 5 + -1. Let x(p) = p**3 - 5*p**2 - 24*p + 4. Let o be x(8). What is the highest common divisor of d and o?
4
Suppose d + g = -2*d - 198, 0 = 5*d + 5*g + 330. Let z = d + 98. Calculate the highest common divisor of 4 and z.
4
Let l be 47/(-3) - 3/9. Let y = l - -11. Let k(h) = h**3 + 5*h**2 - 5*h + 7. Let q be k(y). Calculate the highest common divisor of q and 8.
8
Suppose 9*x + 168 = 15*x. What is the highest common factor of x and 196?
28
Let m(h) = 3*h**2 - 3*h - 1. Let j be m(4). Suppose -2*v + 0*v = -14. Calculate the greatest common factor of j and v.
7
Let t(j) = -j + 11. Let p be t(0). Let z(m) = 4*m**2 + 5*m - 4. Let i be z(-6). What is the highest common factor of p and i?
11
Let m be 63120/(-56) - 2/(-14). Let v be m/(-9) + 16/(-72). Calculate the greatest common divisor of 25 and v.
25
Let a = -28 - 35. Suppose -3*z = z + 72. Let s be (-122)/z - 14/a. Calculate the highest common divisor of s and 14.
7
Let y(c) = -90*c + 1. Let b be y(-2). Suppose -5*u + b = 3*z + z, 3*u - 115 = -4*z. Let g = -8 + u. Calculate the greatest common factor of 10 and g.
5
Suppose -z + 9 = 2*n - 3*n, -n - 3*z = -11. Let x(s) = -7*s. Let v be x(n). Let o be 1*-2 + v/2. Calculate the greatest common divisor of 6 and o.
6
Suppose 1 + 31 = 4*l. Let t = l + -26. Let u = t - -31. What is the greatest common factor of u and 91?
13
Suppose 3*b = -2*s + 20, 4*b + b = s + 29. What is the highest common factor of 2 and b?
2
Let s = -26 + 64. Let a = 190 + -133. What is the greatest common factor of a and s?
19
Let r be (4/12)/(2/42). Suppose 5*w + r = 47. Calculate the highest common factor of w and 64.
8
Let c be (1*15)/((-1)/(-7)). Calculate the greatest common divisor of 21 and c.
21
Let q(a) = -a**3 + 5*a**2 + 6*a - 2. Let i be q(4). Let c = 4 + 1. Suppose c*y - 56 - 39 = 0. Calculate the greatest common divisor of i and y.
19
Suppose 0 = -4*p + 6 + 26. Let h(x) = 2*x**2 - 9*x + 2. Let l be h(6). What is the greatest common factor of l and p?
4
Let q be -3 - 0/2 - 32. Let p = q - -62. Calculate the highest common factor of p and 3.
3
Let t = -6 + 26. Let m be (-33)/6*-2 + -3. What is the greatest common factor of t and m?
4
Let r be (1/2)/(2/(8/2)). Calculate the highest common divisor of r and 7.
1
Let y = -4 - 3. Let b(o) be the third derivative of o**5/60 + 7*o**4/24 + o**3/2 - o**2. Let x be b(y). Calculate the greatest common factor of 12 and x.
3
Suppose -6*f = -f - 5. Let q be 72/20 - (-3)/(-5). Suppose 4 = q*u + 1. What is the greatest common divisor of f and u?
1
Let v be 84/35 - (-4)/(-10). Suppose -k + 5*f - 92 = -5*k, v*k + 2*f = 44. Calculate the highest common factor of k and 6.
6
Let f = -183 - -283. What is the highest common factor of f and 25?
25
Let i(m) = -m**3 + m**2 + m. Let p(g) = g**3 - 9*g**2 - 7*g + 1. Let d(t) = 5*i(t) + p(t). Let f be d(-2). Calculate the greatest common divisor of f and 168.
21
Let q(p) = -p**2 - 11*p - 8. Let r be q(-8). Calculate the highest common factor of 4 and r.
4
Let c = -4 - 2. Let d be (-1 - 50)*(c + 7). Let w = -36 - d. Calculate the greatest common factor of w and 15.
15
Let f be (2/(-7))/(4/(-28)). Suppose 5*g - 5 = 0, -2*a + 131 = -f*g + g. What is the greatest common divisor of a and 22?
22
Let p be (2 - 1)/(1/4). Suppose 8*d + 5 = 13*d. What is the greatest common factor of p and d?
1
Let m(r) = 2*r - 20. Let p be m(13). Calculate the greatest common factor of p and 18.
6
Suppose 4*u = 52 + 148. Suppose 4*d - 14 = 26. What is the greatest common factor of u and d?
10
Suppose 6*a - 39 = -3. Calculate the greatest common factor of a and 48.
6
Let k be -21*((-2)/4)/(1/12). What is the greatest common divisor of k and 14?
14
Let u(j) = 4*j**2 + 12*j - 34. Let r be u(-7). What is the greatest common factor of r and 39?
39
Let r(c) = c**2 + 2*c + 2. Let a be r(-4). Calculate the highest common factor of a and 25.
5
Suppose 4*n + 28 = -52. Let u = -17 - n. What is the greatest common factor of u and 2?
1
Let t = 2 - 0. Suppose t*a + 2*a + i - 52 = 0, -3*i = 12. Let v = a + -10. What is the greatest common divisor of v and 8?
4
Let l = -251 + 603. What is the greatest common divisor of 32 and l?
32
Suppose -158*k + 154*k = -8. What is the highest common divisor of 14 and k?
2
Suppose -6 - 1 = -d + 2*q, -13 = -5*d - q. Suppose r + 4*a = d*r - 24, 5*r + 4*a = 4. Suppose 5*n - 11 = r*n. Calculate the greatest common factor of 88 and n.
11
Suppose c - 4 = 13. What is the greatest common factor of c and 187?
17
Suppose -2*i = -4*i + 2. Let s be (2/(-1) - i)*-3. What is the highest common factor of 18 and s?
9
Let o be (-4 + (-132)/(-18))*36/5. What is the greatest common divisor of o and 18?
6
Let i be 1/3 - 628/(-6). Suppose f = -5*g + 28 + 50, 2*g - 39 = -3*f. What is the highest common divisor of g and i?
15
Suppose -87 - 57 = -4*w. Calculate the highest common factor of 4 and w.
4
Let w be 6 + (-1)/(-2)*-2. Suppose -32 = -3*i + 3*q - q, i = -w*q - 12. Calculate the highest common factor of i and 64.
8
Let g = -33 + 123. What is the highest common factor of 225 and g?
45
Suppose -5*t = -5*i - 60, 0 = -2*t - 2*t + i + 42. Suppose -4*d + 50 = -t. Calculate the highest common factor of d and 6.
3
Let g(z) = z**2 + 12*z + 28. Let i be g(-12). Calculate the greatest common factor of i and 12.
4
Suppose -480 = 9*o - 13*o. Let h be 1*-6*(-10)/4. Calculate the highest common factor of o and h.
15
Let w(v) = 10*v**2 + v. Let u be w(-1). Suppose 6*s = 3*s + u. Suppose 0 = s*a - 21 - 27. What is the highest common divisor of a and 16?
16
Suppose -3*i - t = i - 69, 0 = -5*i - 2*t + 84. Suppose 6*j - 2*j = 60. Let n = -3 + j. What is the greatest common divisor of n and i?
6
Let d(a) = -3*a - 3. Let m be d(-8). Calculate the highest common divisor of 14 and m.
7
Suppose 0 = -5*n - 4*i + 156, -5*n + 148 = -0*i + 2*i. Suppose -4*s + n = -32. Calculate the greatest common factor of 165 and s.
15
Let n = 18 - 8. Let b = 229 - 149. Calculate the greatest common factor of b and n.
10
Suppose -y + 2648 = -3*y. Let j be 2/(-6) + y/(-12). What is the greatest common divisor of 10 and j?
10
Suppose 4*v = 4*o - 2*o, -o = -v + 3. Let i(m) = -m**2 - 13*m - 7. Let g be i(o). What is the highest common factor of g and 7?
7
Let l be 9 + (3/1)/(-3). Let n = -151 + 107. Let u = 64 + n. Calculate the highest common divisor of l and u.
4
Suppose 493 = -3*w - 2*m, 4*w - 3*m + 358 = -271. Let f = -49 - w. Calculate the highest common factor of f and 16.
16
Let d = -2 + 9. Let z be 0 + -1 + d + 0. Let v be (-6 - -1)*z/(-5). Calculate the highest common factor of v and 6.
6
Let b(l) be the first derivative of l**4/4 + l - 2. Let p be b(2). What is the greatest common divisor of p and 18?
9
Suppose 8*o - 3*o - 40 = 5*a, 4*o - 3*a = 28. Let r = -42 + 82. Calculate the greatest common divisor of o and r.
4
Let t(d) = d + 8. Let a be t(5). What is the greatest common factor of a and 91?
13
Let l be (1 + -2)*(2 + -1). Let m = 6 + l. Let a = 19 - 9. Calculate the highest common divisor of m and a.
5
Let r = 189 - 57. Calculate the highest common factor of 12 and r.
12
Let l(f) = 18*f**3 + 2*f**2 - 2. Let s be l(2). Let y = 59 + -29. What is the greatest common factor of s and y?
30
Let f = -19 - -45. Calculate the highest common divisor of 39 and f.
13
Suppose -5*h + 89 = -3*n, -6 = -3*n - 0. Suppose -3*j + 24 = -0*j. Suppose j*w - 190 = 3*w. Calculate the greatest common divisor of h and w.
19
Suppose r - 4*r = -6. Suppose -5*z - 27 = -q - 0*z, 4*q + r*z - 152 = 0. Suppose 3*f - q = 41. Calculate the greatest common divisor of f and 39.
13
Suppose f = 4*a + 2, 2*a + a + 5 = f. Let x(g) = g**2 - 3*g - 5.